{"id":4278,"date":"2020-04-01T00:55:52","date_gmt":"2020-04-01T00:55:52","guid":{"rendered":"https:\/\/stjuliasilercity.org\/?page_id=4278"},"modified":"2024-08-09T12:52:46","modified_gmt":"2024-08-09T16:52:46","slug":"holy-orders","status":"publish","type":"page","link":"https:\/\/stjuliasilercity.org\/es\/sacraments\/holy-orders\/","title":{"rendered":"Holy Orders"},"content":{"rendered":"<div class=\"wpb-content-wrapper\"><div class=\"vc_row wpb_row vc_row-fluid mkdf-section mkdf-content-aligment-left\" style=\"\"><div class=\"clearfix mkdf-full-section-inner\"><div class=\"wpb_column vc_column_container vc_col-sm-12\"><div class=\"vc_column-inner\"><div class=\"wpb_wrapper\">\n\t<div class=\"wpb_text_column wpb_content_element\" >\n\t\t<div class=\"wpb_wrapper\">\n\t\t\t<p><img data-recalc-dims=\"1\" loading=\"lazy\" decoding=\"async\" class=\"size-medium wp-image-6707\" src=\"https:\/\/i0.wp.com\/stjuliasilercity.org\/wp-content\/uploads\/2024\/08\/Holy-Orders.png?resize=300%2C300&#038;ssl=1\" alt=\"photo of hands in prayer on bible and cross in background sunray in window\" width=\"300\" height=\"300\" \/><\/p>\n<h2><\/h2>\n<h2 class=\"entry-title\">Holy Orders \/ \u00d3rdenes sagradas<\/h2>\n<p><em>From the moment of Jesus\u2019 conception in the womb of Mary until his Resurrection, he was filled with the Holy Spirit. In biblical language, he was anointed by the Holy Spirit and thus established by God the Father as our high priest. As Risen Lord, he remains our high priest. While all the baptized share in Christ\u2019s priesthood, the ministerial priesthood shares this through the Sacrament of Holy Orders in a special way.<\/em><\/p>\n<p><em>\u201cHere I am, send me.\u201d (Is 6:8)<\/em><\/p>\n<p><em>Ordination to the priesthood is always a call and a gift from God. Christ reminded his Apostles that they needed to ask the Lord of the harvest to send laborers into the harvest. Those who seek priesthood respond generously to God\u2019s call using the words of the prophet, \u201cHere I am, send me\u201d (Is 6:8). This call from God can be recognized and understood from the daily signs that disclose his will to those in charge of discerning the vocation of the candidate.<\/em><strong>\u00a0<\/strong><\/p>\n<p><strong>Franciscan Vocation:<\/strong> Brother Nick Romero, <a href=\"mailto:vocations@olaprovince.org\">vocations@olaprovince.org<\/a><\/p>\n<p>(202) 681-6051<br \/>\n1359 Monroe St. NE<br \/>\nWashington, DC 20017<\/p>\n<p><strong>Diocese of Raleigh Director of Seminarian Formation:<\/strong> Very Reverend Jeffrey Bower V.F., <a href=\"mailto:Fr.Jeffrey.Bowker@raldioc.org\">Fr.Jeffrey.Bowker@raldioc.org<\/a><\/p>\n<p><strong>Diocese of Raleigh Promoter of Vocations:<\/strong> Reverend James J. Magee III, <a href=\"mailto:Fr.James.J.Magee@raldioc.org\">Fr.James.J.Magee@raldioc.org<\/a><\/p>\n<p><strong>Diocese of Raleigh Director of Vocations:<\/strong> Reverend Michael Scheutz JCL, <a href=\"mailto:vocations@ralioc.org\">vocations@ralioc.org<\/a><\/p>\n<p>&nbsp;<\/p>\n<p>Desde el momento de la concepci\u00f3n de Jes\u00fas en el vientre de Mar\u00eda hasta su Resurrecci\u00f3n, \u00e9l fue lleno del Esp\u00edritu Santo. En lenguaje b\u00edblico, fue ungido por el Esp\u00edritu Santo y as\u00ed establecido por Dios Padre como nuestro sumo sacerdote. Como Se\u00f1or Resucitado, \u00e9l sigue siendo nuestro sumo sacerdote. Si bien todos los bautizados participan del sacerdocio de Cristo, el sacerdocio ministerial lo comparte a trav\u00e9s del sacramento del Orden Sagrado de una manera especial.<\/p>\n<p>\u201cAqu\u00ed estoy, m\u00e1ndame\u201d (Is 6,8)<\/p>\n<p>La ordenaci\u00f3n sacerdotal es siempre un llamado y un don de Dios. Cristo record\u00f3 a sus ap\u00f3stoles que deb\u00edan pedir al Se\u00f1or de la mies que enviara obreros a la cosecha. Aquellos que buscan el sacerdocio responden generosamente al llamado de Dios usando las palabras del profeta: \u201cAqu\u00ed estoy, m\u00e1ndame\u201d (Is 6,8). Este llamado de Dios puede reconocerse y entenderse a partir de los signos diarios que revelan su voluntad a los encargados de discernir la vocaci\u00f3n del candidato.<\/p>\n<p><strong>Vocaci\u00f3n Franciscana:<\/strong> Hermano Nick Romero, <a href=\"mailto:vocations@olaprovince.org\">vocations@olaprovince.org<\/a><\/p>\n<p>(202) 681-6051<br \/>\n1359 Monroe St. NE<br \/>\nWashington, DC 20017<\/p>\n<p><strong>Di\u00f3cesis de Raleigh Director de formaci\u00f3n de seminaristas:<\/strong> Reverend\u00edsimo Jeffrey Bower V.F., <a href=\"mailto:Fr.Jeffrey.Bowker@raldioc.org\">Fr.Jeffrey.Bowker@raldioc.org<\/a><\/p>\n<p><strong>Di\u00f3cesis de Raleigh Promotor de vocaciones:<\/strong> Reverendo James J. Magee III,<a href=\"mailto:Fr.James.J.Magee@raldioc.org\"> Fr.James.J.Magee@raldioc.org<\/a><\/p>\n<p><strong>Di\u00f3cesis de Raleigh Director de vocaciones:<\/strong> Reverendo Michael Scheutz JCL, <a href=\"mailto:vocations@ralioc.org\">vocations@ralioc.org<\/a><\/p>\n\n\t\t<\/div>\n\t<\/div>\n<\/div><\/div><\/div><\/div><\/div><div class=\"vc_row wpb_row vc_row-fluid mkdf-section mkdf-content-aligment-left\" style=\"\"><div class=\"clearfix mkdf-full-section-inner\"><div class=\"wpb_column vc_column_container vc_col-sm-12\"><div class=\"vc_column-inner\"><div class=\"wpb_wrapper\"><\/div><\/div><\/div><\/div><\/div>\n<\/div>","protected":false},"excerpt":{"rendered":"Holy Orders \/ \u00d3rdenes sagradas From the moment of Jesus\u2019 conception in the womb of Mary until his Resurrection, he was filled with the Holy Spirit. In biblical language, he was anointed...","protected":false},"author":6,"featured_media":0,"parent":4241,"menu_order":0,"comment_status":"closed","ping_status":"closed","template":"","meta":{"advanced_seo_description":"","jetpack_seo_html_title":"","jetpack_seo_noindex":false,"footnotes":""},"class_list":["post-4278","page","type-page","status-publish","hentry"],"jetpack_sharing_enabled":true,"_links":{"self":[{"href":"https:\/\/stjuliasilercity.org\/es\/wp-json\/wp\/v2\/pages\/4278","targetHints":{"allow":["GET"]}}],"collection":[{"href":"https:\/\/stjuliasilercity.org\/es\/wp-json\/wp\/v2\/pages"}],"about":[{"href":"https:\/\/stjuliasilercity.org\/es\/wp-json\/wp\/v2\/types\/page"}],"author":[{"embeddable":true,"href":"https:\/\/stjuliasilercity.org\/es\/wp-json\/wp\/v2\/users\/6"}],"replies":[{"embeddable":true,"href":"https:\/\/stjuliasilercity.org\/es\/wp-json\/wp\/v2\/comments?post=4278"}],"version-history":[{"count":6,"href":"https:\/\/stjuliasilercity.org\/es\/wp-json\/wp\/v2\/pages\/4278\/revisions"}],"predecessor-version":[{"id":6747,"href":"https:\/\/stjuliasilercity.org\/es\/wp-json\/wp\/v2\/pages\/4278\/revisions\/6747"}],"up":[{"embeddable":true,"href":"https:\/\/stjuliasilercity.org\/es\/wp-json\/wp\/v2\/pages\/4241"}],"wp:attachment":[{"href":"https:\/\/stjuliasilercity.org\/es\/wp-json\/wp\/v2\/media?parent=4278"}],"curies":[{"name":"wp","href":"https:\/\/api.w.org\/{rel}","templated":true}]}}

<div class="wpb-content-wrapper"><div class="vc_row wpb_row vc_row-fluid mkdf-section mkdf-content-aligment-left" style=""><div class="clearfix mkdf-full-section-inner"><div class="wpb_column vc_column_container vc_col-sm-12"><div class="vc_column-inner"><div class="wpb_wrapper">
	<div class="wpb_text_column wpb_content_element" >
		<div class="wpb_wrapper">
			<p><img data-recalc-dims="1" loading="lazy" decoding="async" class="size-medium wp-image-6707" src="https://i0.wp.com/stjuliasilercity.org/wp-content/uploads/2024/08/Holy-Orders.png?resize=300%2C300&#038;ssl=1" alt="photo of hands in prayer on bible and cross in background sunray in window" width="300" height="300" /></p>
<h2></h2>
<h2 class="entry-title">Holy Orders / Órdenes sagradas</h2>
<p><em>From the moment of Jesus’ conception in the womb of Mary until his Resurrection, he was filled with the Holy Spirit. In biblical language, he was anointed by the Holy Spirit and thus established by God the Father as our high priest. As Risen Lord, he remains our high priest. While all the baptized share in Christ’s priesthood, the ministerial priesthood shares this through the Sacrament of Holy Orders in a special way.</em></p>
<p><em>“Here I am, send me.” (Is 6:8)</em></p>
<p><em>Ordination to the priesthood is always a call and a gift from God. Christ reminded his Apostles that they needed to ask the Lord of the harvest to send laborers into the harvest. Those who seek priesthood respond generously to God’s call using the words of the prophet, “Here I am, send me” (Is 6:8). This call from God can be recognized and understood from the daily signs that disclose his will to those in charge of discerning the vocation of the candidate.</em><strong> </strong></p>
<p><strong>Franciscan Vocation:</strong> Brother Nick Romero, <a href="mailto:vocations@olaprovince.org">vocations@olaprovince.org</a></p>
<p>(202) 681-6051<br />
1359 Monroe St. NE<br />
Washington, DC 20017</p>
<p><strong>Diocese of Raleigh Director of Seminarian Formation:</strong> Very Reverend Jeffrey Bower V.F., <a href="mailto:Fr.Jeffrey.Bowker@raldioc.org">Fr.Jeffrey.Bowker@raldioc.org</a></p>
<p><strong>Diocese of Raleigh Promoter of Vocations:</strong> Reverend James J. Magee III, <a href="mailto:Fr.James.J.Magee@raldioc.org">Fr.James.J.Magee@raldioc.org</a></p>
<p><strong>Diocese of Raleigh Director of Vocations:</strong> Reverend Michael Scheutz JCL, <a href="mailto:vocations@ralioc.org">vocations@ralioc.org</a></p>
<p>&nbsp;</p>
<p>Desde el momento de la concepción de Jesús en el vientre de María hasta su Resurrección, él fue lleno del Espíritu Santo. En lenguaje bíblico, fue ungido por el Espíritu Santo y así establecido por Dios Padre como nuestro sumo sacerdote. Como Señor Resucitado, él sigue siendo nuestro sumo sacerdote. Si bien todos los bautizados participan del sacerdocio de Cristo, el sacerdocio ministerial lo comparte a través del sacramento del Orden Sagrado de una manera especial.</p>
<p>“Aquí estoy, mándame” (Is 6,8)</p>
<p>La ordenación sacerdotal es siempre un llamado y un don de Dios. Cristo recordó a sus apóstoles que debían pedir al Señor de la mies que enviara obreros a la cosecha. Aquellos que buscan el sacerdocio responden generosamente al llamado de Dios usando las palabras del profeta: “Aquí estoy, mándame” (Is 6,8). Este llamado de Dios puede reconocerse y entenderse a partir de los signos diarios que revelan su voluntad a los encargados de discernir la vocación del candidato.</p>
<p><strong>Vocación Franciscana:</strong> Hermano Nick Romero, <a href="mailto:vocations@olaprovince.org">vocations@olaprovince.org</a></p>
<p>(202) 681-6051<br />
1359 Monroe St. NE<br />
Washington, DC 20017</p>
<p><strong>Diócesis de Raleigh Director de formación de seminaristas:</strong> Reverendísimo Jeffrey Bower V.F., <a href="mailto:Fr.Jeffrey.Bowker@raldioc.org">Fr.Jeffrey.Bowker@raldioc.org</a></p>
<p><strong>Diócesis de Raleigh Promotor de vocaciones:</strong> Reverendo James J. Magee III,<a href="mailto:Fr.James.J.Magee@raldioc.org"> Fr.James.J.Magee@raldioc.org</a></p>
<p><strong>Diócesis de Raleigh Director de vocaciones:</strong> Reverendo Michael Scheutz JCL, <a href="mailto:vocations@ralioc.org">vocations@ralioc.org</a></p>

		</div>
	</div>
</div></div></div></div></div><div class="vc_row wpb_row vc_row-fluid mkdf-section mkdf-content-aligment-left" style=""><div class="clearfix mkdf-full-section-inner"><div class="wpb_column vc_column_container vc_col-sm-12"><div class="vc_column-inner"><div class="wpb_wrapper"></div></div></div></div></div>
</div>

Holy Orders / Órdenes sagradas From the moment of Jesus’ conception in the womb of Mary until his Resurrection, he was filled with the Holy Spirit. In biblical language, he was anointed...
